{"id":375,"date":"2015-10-09T17:30:55","date_gmt":"2015-10-09T16:30:55","guid":{"rendered":"https:\/\/maisdonsursevre-steanne.fr\/?page_id=375"},"modified":"2025-11-20T16:59:37","modified_gmt":"2025-11-20T15:59:37","slug":"recyclage","status":"publish","type":"page","link":"https:\/\/maisdonsursevre-steanne.fr\/?page_id=375","title":{"rendered":"Recyclage"},"content":{"rendered":"<p>A l&#8217;\u00e9cole, nous recyclons les cartouches d&#8217;encre (sauf photocopieurs), les vieux t\u00e9l\u00e9phones portables et, nous r\u00e9cup\u00e9rons les papiers, prospectus, journaux de l&#8217;\u00e9cole et de la maison. Nous avons mis en place un r\u00e9cup\u00e9rateur de crayons!<\/p>\n<p>Voici la liste des cartouches d&#8217;encre recycl\u00e9e et des crayons que vous pouvez d\u00e9poser \u00e0 l&#8217;\u00e9cole sous l&#8217;escalier pr\u00e8s de la classe de M\u00e9lanie en CP.<\/p>\n<iframe src=\"\/\/docs.google.com\/viewer?url=https%3A%2F%2Fmaisdonsursevre-steanne.fr%2Fwp-content%2Fuploads%2F2015%2F10%2Fliste-des-cartouches-vides-recycl%C3%A9es.pdf&hl=fr&embedded=true\" class=\"gde-frame\" style=\"width:100%; height:500px; border: none;\" scrolling=\"no\"><\/iframe>\n<p class=\"gde-text\"><a href=\"https:\/\/maisdonsursevre-steanne.fr\/wp-content\/uploads\/2015\/10\/liste-des-cartouches-vides-recycl\u00e9es.pdf\" class=\"gde-link\">T\u00e9l\u00e9charger (PDF, 66KB)<\/a><\/p>\n\n<div class=\"gde-error\">GDE Erreur: Erreur lors de la r\u00e9cup\u00e9ration du fichier - si n\u00e9cessaire, arr\u00eatez la v\u00e9rification d'erreurs (404:Not Found)<\/div>\n\n","protected":false},"excerpt":{"rendered":"<p>A l&#8217;\u00e9cole, nous recyclons les cartouches d&#8217;encre (sauf photocopieurs), les vieux t\u00e9l\u00e9phones portables et, nous r\u00e9cup\u00e9rons les papiers, prospectus, journaux de l&#8217;\u00e9cole et de la maison. Nous avons mis en place un r\u00e9cup\u00e9rateur de crayons! Voici la liste des cartouches d&#8217;encre recycl\u00e9e et des crayons que vous pouvez d\u00e9poser \u00e0 l&#8217;\u00e9cole sous l&#8217;escalier pr\u00e8s de&hellip; <br \/> <a class=\"read-more\" href=\"https:\/\/maisdonsursevre-steanne.fr\/?page_id=375\">Lire la suite<\/a><\/p>\n","protected":false},"author":11,"featured_media":0,"parent":0,"menu_order":0,"comment_status":"closed","ping_status":"closed","template":"","meta":{"ngg_post_thumbnail":0,"footnotes":""},"_links":{"self":[{"href":"https:\/\/maisdonsursevre-steanne.fr\/index.php?rest_route=\/wp\/v2\/pages\/375"}],"collection":[{"href":"https:\/\/maisdonsursevre-steanne.fr\/index.php?rest_route=\/wp\/v2\/pages"}],"about":[{"href":"https:\/\/maisdonsursevre-steanne.fr\/index.php?rest_route=\/wp\/v2\/types\/page"}],"author":[{"embeddable":true,"href":"https:\/\/maisdonsursevre-steanne.fr\/index.php?rest_route=\/wp\/v2\/users\/11"}],"replies":[{"embeddable":true,"href":"https:\/\/maisdonsursevre-steanne.fr\/index.php?rest_route=%2Fwp%2Fv2%2Fcomments&post=375"}],"version-history":[{"count":2,"href":"https:\/\/maisdonsursevre-steanne.fr\/index.php?rest_route=\/wp\/v2\/pages\/375\/revisions"}],"predecessor-version":[{"id":6338,"href":"https:\/\/maisdonsursevre-steanne.fr\/index.php?rest_route=\/wp\/v2\/pages\/375\/revisions\/6338"}],"wp:attachment":[{"href":"https:\/\/maisdonsursevre-steanne.fr\/index.php?rest_route=%2Fwp%2Fv2%2Fmedia&parent=375"}],"curies":[{"name":"wp","href":"https:\/\/api.w.org\/{rel}","templated":true}]}}