{"id":3483,"date":"2020-12-10T15:34:40","date_gmt":"2020-12-10T14:34:40","guid":{"rendered":"https:\/\/maisdonsursevre-steanne.fr\/?page_id=3483"},"modified":"2025-11-20T09:16:50","modified_gmt":"2025-11-20T08:16:50","slug":"inscriptions-2","status":"publish","type":"page","link":"https:\/\/maisdonsursevre-steanne.fr\/?page_id=3483","title":{"rendered":"INSCRIPTIONS"},"content":{"rendered":"<div class=\"siteorigin-widget-tinymce textwidget\">\n<p>Inscriptions pour la rentr\u00e9e scolaire de septembre 2026.<\/p>\n<p>A n&#8217;importe quel moment de l&#8217;ann\u00e9e scolaire vous pouvez nous contacter pour avoir des renseignements pour une inscription en cours d&#8217;ann\u00e9e (\u00e0 n&#8217;importe quel moment) ou pour une inscription pour la rentr\u00e9e de septembre 2026.<\/p>\n<p>Mme Marielle LECHAT, directrice de l&#8217;\u00e9cole se tient \u00e0 la disposition des familles qui souhaitent inscrire un enfant pour la future ann\u00e9e scolaire.<\/p>\n<p>Enfants n\u00e9s en 2023&nbsp; pour une rentr\u00e9e en Petite Section et enfants n\u00e9s en 2024 pour une rentr\u00e9e en Pr\u00e9 Petite Section (quelques places disponibles, priorit\u00e9 aux enfants n\u00e9s entre janvier et mars)<\/p>\n<p>Vous pouvez prendre contact avec l&#8217;\u00e9cole par mail : <a href=\"mailto:ec.maisdon.ste-anne@ec44.fr\">ec.maisdon.ste-anne@ec44.fr<\/a> ou par t\u00e9l\u00e9phone : 02.40.06.62.73&nbsp;<\/p>\n<p>Ne pas h\u00e9siter \u00e0 laisser un message sur le r\u00e9pondeur, la directrice est plus facilement joignable le jeudi durant son jour de d\u00e9charge.<\/p>\n<p>Des rendez-vous individuels sont propos\u00e9s afin de venir d\u00e9couvrir l&#8217;\u00e9cole, notre fonctionnement, nos projets. N&#8217;h\u00e9sitez pas \u00e0 nous contacter pour avoir des renseignements sur l&#8217;\u00e9cole. <strong>Une matin\u00e9e de portes ouvertes aura lieu le samedi 29 novembre 2025 de 10h \u00e0 12h et l&#8217;\u00e9cole sera \u00e9galement ouverte le samedi 17 janvier 2026 de 10h \u00e0 12h pour une seconde matin\u00e9e d\u00e9couverte de notre \u00e9tablissement et une r\u00e9union d&#8217;information \u00e0 l&#8217;attention des futures parents d&#8217;\u00e9l\u00e8ves de Toute Petite Section et de Petite Section. Notez les dores et d\u00e9j\u00e0 sur votre agenda.<\/strong><\/p>\n<\/div>\n","protected":false},"excerpt":{"rendered":"<p>Inscriptions pour la rentr\u00e9e scolaire de septembre 2026. A n&#8217;importe quel moment de l&#8217;ann\u00e9e scolaire vous pouvez nous contacter pour avoir des renseignements pour une inscription en cours d&#8217;ann\u00e9e (\u00e0 n&#8217;importe quel moment) ou pour une inscription pour la rentr\u00e9e de septembre 2026. Mme Marielle LECHAT, directrice de l&#8217;\u00e9cole se tient \u00e0 la disposition des&hellip; <br \/> <a class=\"read-more\" href=\"https:\/\/maisdonsursevre-steanne.fr\/?page_id=3483\">Lire la suite<\/a><\/p>\n","protected":false},"author":1,"featured_media":0,"parent":0,"menu_order":0,"comment_status":"closed","ping_status":"closed","template":"","meta":{"ngg_post_thumbnail":0,"footnotes":""},"_links":{"self":[{"href":"https:\/\/maisdonsursevre-steanne.fr\/index.php?rest_route=\/wp\/v2\/pages\/3483"}],"collection":[{"href":"https:\/\/maisdonsursevre-steanne.fr\/index.php?rest_route=\/wp\/v2\/pages"}],"about":[{"href":"https:\/\/maisdonsursevre-steanne.fr\/index.php?rest_route=\/wp\/v2\/types\/page"}],"author":[{"embeddable":true,"href":"https:\/\/maisdonsursevre-steanne.fr\/index.php?rest_route=\/wp\/v2\/users\/1"}],"replies":[{"embeddable":true,"href":"https:\/\/maisdonsursevre-steanne.fr\/index.php?rest_route=%2Fwp%2Fv2%2Fcomments&post=3483"}],"version-history":[{"count":12,"href":"https:\/\/maisdonsursevre-steanne.fr\/index.php?rest_route=\/wp\/v2\/pages\/3483\/revisions"}],"predecessor-version":[{"id":6277,"href":"https:\/\/maisdonsursevre-steanne.fr\/index.php?rest_route=\/wp\/v2\/pages\/3483\/revisions\/6277"}],"wp:attachment":[{"href":"https:\/\/maisdonsursevre-steanne.fr\/index.php?rest_route=%2Fwp%2Fv2%2Fmedia&parent=3483"}],"curies":[{"name":"wp","href":"https:\/\/api.w.org\/{rel}","templated":true}]}}