{"id":5517,"date":"2023-11-22T22:36:10","date_gmt":"2023-11-22T21:36:10","guid":{"rendered":"https:\/\/maisdonsursevre-steanne.fr\/wp-content\/uploads\/2023\/11\/Delegues-1.jpg"},"modified":"2023-11-22T22:36:10","modified_gmt":"2023-11-22T21:36:10","slug":"delegues-1-2","status":"inherit","type":"attachment","link":"https:\/\/maisdonsursevre-steanne.fr\/?attachment_id=5517","title":{"rendered":"D\u00e9l\u00e9gu\u00e9s 1"},"author":11,"comment_status":"closed","ping_status":"closed","template":"","meta":{"ngg_post_thumbnail":0},"description":{"rendered":"<p class=\"attachment\"><a href='https:\/\/maisdonsursevre-steanne.fr\/wp-content\/uploads\/2023\/11\/Delegues-1.jpg'><img loading=\"lazy\" decoding=\"async\" width=\"300\" height=\"233\" src=\"https:\/\/maisdonsursevre-steanne.fr\/wp-content\/uploads\/2023\/11\/Delegues-1-300x233.jpg\" class=\"attachment-medium size-medium\" alt=\"\" srcset=\"https:\/\/maisdonsursevre-steanne.fr\/wp-content\/uploads\/2023\/11\/Delegues-1-300x233.jpg 300w, https:\/\/maisdonsursevre-steanne.fr\/wp-content\/uploads\/2023\/11\/Delegues-1-768x595.jpg 768w, https:\/\/maisdonsursevre-steanne.fr\/wp-content\/uploads\/2023\/11\/Delegues-1-600x465.jpg 600w, https:\/\/maisdonsursevre-steanne.fr\/wp-content\/uploads\/2023\/11\/Delegues-1.jpg 800w\" sizes=\"(max-width: 300px) 100vw, 300px\" \/><\/a><\/p>\n"},"caption":{"rendered":""},"alt_text":"","media_type":"image","mime_type":"image\/jpeg","media_details":{"width":800,"height":620,"file":"2023\/11\/Delegues-1.jpg","filesize":104178,"sizes":{"medium":{"file":"Delegues-1-300x233.jpg","width":300,"height":233,"filesize":15943,"mime_type":"image\/jpeg","source_url":"https:\/\/maisdonsursevre-steanne.fr\/wp-content\/uploads\/2023\/11\/Delegues-1-300x233.jpg"},"thumbnail":{"file":"Delegues-1-150x150.jpg","width":150,"height":150,"filesize":6846,"mime_type":"image\/jpeg","source_url":"https:\/\/maisdonsursevre-steanne.fr\/wp-content\/uploads\/2023\/11\/Delegues-1-150x150.jpg"},"medium_large":{"file":"Delegues-1-768x595.jpg","width":768,"height":595,"filesize":61450,"mime_type":"image\/jpeg","source_url":"https:\/\/maisdonsursevre-steanne.fr\/wp-content\/uploads\/2023\/11\/Delegues-1-768x595.jpg"},"wysija-newsletters-max":{"file":"Delegues-1-600x465.jpg","width":600,"height":465,"filesize":43551,"mime_type":"image\/jpeg","source_url":"https:\/\/maisdonsursevre-steanne.fr\/wp-content\/uploads\/2023\/11\/Delegues-1-600x465.jpg"},"sow-carousel-default":{"file":"Delegues-1-272x182.jpg","width":272,"height":182,"filesize":12611,"mime_type":"image\/jpeg","source_url":"https:\/\/maisdonsursevre-steanne.fr\/wp-content\/uploads\/2023\/11\/Delegues-1-272x182.jpg"},"full":{"file":"Delegues-1.jpg","width":800,"height":620,"mime_type":"image\/jpeg","source_url":"https:\/\/maisdonsursevre-steanne.fr\/wp-content\/uploads\/2023\/11\/Delegues-1.jpg"}},"image_meta":{"aperture":"0","credit":"","camera":"","caption":"","created_timestamp":"0","copyright":"","focal_length":"0","iso":"0","shutter_speed":"0","title":"","orientation":"1","keywords":[]}},"post":5516,"source_url":"https:\/\/maisdonsursevre-steanne.fr\/wp-content\/uploads\/2023\/11\/Delegues-1.jpg","_links":{"self":[{"href":"https:\/\/maisdonsursevre-steanne.fr\/index.php?rest_route=\/wp\/v2\/media\/5517"}],"collection":[{"href":"https:\/\/maisdonsursevre-steanne.fr\/index.php?rest_route=\/wp\/v2\/media"}],"about":[{"href":"https:\/\/maisdonsursevre-steanne.fr\/index.php?rest_route=\/wp\/v2\/types\/attachment"}],"author":[{"embeddable":true,"href":"https:\/\/maisdonsursevre-steanne.fr\/index.php?rest_route=\/wp\/v2\/users\/11"}],"replies":[{"embeddable":true,"href":"https:\/\/maisdonsursevre-steanne.fr\/index.php?rest_route=%2Fwp%2Fv2%2Fcomments&post=5517"}]}}

Délégués 1
